{"id":4,"date":"2015-04-25T12:58:51","date_gmt":"2015-04-25T12:58:51","guid":{"rendered":"http:\/\/getraenke-armgart.de\/wordpress\/wordpress\/wordpress\/?page_id=4"},"modified":"2020-09-05T13:30:51","modified_gmt":"2020-09-05T11:30:51","slug":"ueber-uns2","status":"publish","type":"page","link":"https:\/\/www.getraenke-armgart.de\/index.php\/ueber-uns2\/","title":{"rendered":"\u00dcber uns"},"content":{"rendered":"<h2><span class=\"auto-style6\">&#8230;die Marke &#8222;Getr\u00e4nke Armgart&#8220;<\/span><\/h2>\n<p><a href=\"http:\/\/getraenke-armgart.de\/wp-content\/uploads\/frueher.png\"><img loading=\"lazy\" decoding=\"async\" class=\" size-full wp-image-270 alignleft\" src=\"http:\/\/getraenke-armgart.de\/wp-content\/uploads\/frueher.png\" alt=\"frueher\" width=\"250\" height=\"175\" \/><\/a><br \/>\nDie Fruchtsaft-Kelterei wurde 1935 von Margarethe Armgart in der Domstadt K\u00f6nigslutter am Elm gegr\u00fcndet und befand sich anfangs in der &#8222;Braunschweiger Stra\u00dfe&#8220;. 1950 erfolgte dann der Umzug zur &#8222;Driebe 9&#8220; wo sich der Familienbetrieb auch heute noch in 3. Generation befindet.<\/p>\n<p>Um dem immer gr\u00f6\u00dfer werdenden Bedarf an Verarbeitungskapazit\u00e4t gerecht zu werden, ist der Betrieb seit 1980 wesentlich erweitert und ausgebaut worden. Besonderen Wert legten wir dabei auf die schonende Verarbeitung der Fr\u00fcchte.<\/p>\n<div class=\"grid_4 alpha\">\n<h1 class=\"auto-style9\">Es lohnt sich Obst und Fr\u00fcchte im eigenen Garten anzubauen!<\/h1>\n<p><a href=\"http:\/\/getraenke-armgart.de\/wp-content\/uploads\/lufbild.png\"><img loading=\"lazy\" decoding=\"async\" class=\" size-full wp-image-271 alignright\" src=\"http:\/\/getraenke-armgart.de\/wp-content\/uploads\/lufbild.png\" alt=\"lufbild\" width=\"250\" height=\"160\" \/><\/a><\/p>\n<p class=\"two\">Das Aufgabengebiet der Fruchtsaft-Kelterei Armgart besteht heute, neben einem Getr\u00e4nkehandel und Lieferservice, in der Annahme von &#8222;Lohnmost-Obst&#8220;, d.h. hier werden zu 95% Obst und Fr\u00fcchte aus privaten G\u00e4rten entgegen genommen.<\/p>\n<p>Als Ergebnis erhalten Sie hochwertige Fruchts\u00e4fte, Nektare und Weine &#8211; nat\u00fcrlich frei von Farb- und Konservierungsstoffen.<\/p>\n<\/div>\n","protected":false},"excerpt":{"rendered":"<p>&#8230;die Marke &#8222;Getr\u00e4nke Armgart&#8220; Die Fruchtsaft-Kelterei wurde 1935 von Margarethe Armgart in der Domstadt K\u00f6nigslutter am Elm gegr\u00fcndet und befand sich anfangs in der &#8222;Braunschweiger Stra\u00dfe&#8220;. 1950 erfolgte dann der Umzug zur &#8222;Driebe 9&#8220; wo sich der Familienbetrieb auch heute noch in 3. Generation befindet. Um dem immer gr\u00f6\u00dfer werdenden Bedarf an Verarbeitungskapazit\u00e4t gerecht zu [&hellip;]<\/p>\n","protected":false},"author":1,"featured_media":0,"parent":0,"menu_order":0,"comment_status":"closed","ping_status":"closed","template":"","meta":{"footnotes":""},"class_list":["post-4","page","type-page","status-publish","czr-hentry"],"_links":{"self":[{"href":"https:\/\/www.getraenke-armgart.de\/index.php\/wp-json\/wp\/v2\/pages\/4","targetHints":{"allow":["GET"]}}],"collection":[{"href":"https:\/\/www.getraenke-armgart.de\/index.php\/wp-json\/wp\/v2\/pages"}],"about":[{"href":"https:\/\/www.getraenke-armgart.de\/index.php\/wp-json\/wp\/v2\/types\/page"}],"author":[{"embeddable":true,"href":"https:\/\/www.getraenke-armgart.de\/index.php\/wp-json\/wp\/v2\/users\/1"}],"replies":[{"embeddable":true,"href":"https:\/\/www.getraenke-armgart.de\/index.php\/wp-json\/wp\/v2\/comments?post=4"}],"version-history":[{"count":7,"href":"https:\/\/www.getraenke-armgart.de\/index.php\/wp-json\/wp\/v2\/pages\/4\/revisions"}],"predecessor-version":[{"id":911,"href":"https:\/\/www.getraenke-armgart.de\/index.php\/wp-json\/wp\/v2\/pages\/4\/revisions\/911"}],"wp:attachment":[{"href":"https:\/\/www.getraenke-armgart.de\/index.php\/wp-json\/wp\/v2\/media?parent=4"}],"curies":[{"name":"wp","href":"https:\/\/api.w.org\/{rel}","templated":true}]}}

Über uns

<h2><span class="auto-style6">&#8230;die Marke &#8222;Getränke Armgart&#8220;</span></h2>
<p><a href="http://getraenke-armgart.de/wp-content/uploads/frueher.png"><img loading="lazy" decoding="async" class=" size-full wp-image-270 alignleft" src="http://getraenke-armgart.de/wp-content/uploads/frueher.png" alt="frueher" width="250" height="175" /></a><br />
Die Fruchtsaft-Kelterei wurde 1935 von Margarethe Armgart in der Domstadt Königslutter am Elm gegründet und befand sich anfangs in der &#8222;Braunschweiger Straße&#8220;. 1950 erfolgte dann der Umzug zur &#8222;Driebe 9&#8220; wo sich der Familienbetrieb auch heute noch in 3. Generation befindet.</p>
<p>Um dem immer größer werdenden Bedarf an Verarbeitungskapazität gerecht zu werden, ist der Betrieb seit 1980 wesentlich erweitert und ausgebaut worden. Besonderen Wert legten wir dabei auf die schonende Verarbeitung der Früchte.</p>
<div class="grid_4 alpha">
<h1 class="auto-style9">Es lohnt sich Obst und Früchte im eigenen Garten anzubauen!</h1>
<p><a href="http://getraenke-armgart.de/wp-content/uploads/lufbild.png"><img loading="lazy" decoding="async" class=" size-full wp-image-271 alignright" src="http://getraenke-armgart.de/wp-content/uploads/lufbild.png" alt="lufbild" width="250" height="160" /></a></p>
<p class="two">Das Aufgabengebiet der Fruchtsaft-Kelterei Armgart besteht heute, neben einem Getränkehandel und Lieferservice, in der Annahme von &#8222;Lohnmost-Obst&#8220;, d.h. hier werden zu 95% Obst und Früchte aus privaten Gärten entgegen genommen.</p>
<p>Als Ergebnis erhalten Sie hochwertige Fruchtsäfte, Nektare und Weine &#8211; natürlich frei von Farb- und Konservierungsstoffen.</p>
</div>

<p>&#8230;die Marke &#8222;Getränke Armgart&#8220; Die Fruchtsaft-Kelterei wurde 1935 von Margarethe Armgart in der Domstadt Königslutter am Elm gegründet und befand sich anfangs in der &#8222;Braunschweiger Straße&#8220;. 1950 erfolgte dann der Umzug zur &#8222;Driebe 9&#8220; wo sich der Familienbetrieb auch heute noch in 3. Generation befindet. Um dem immer größer werdenden Bedarf an Verarbeitungskapazität gerecht zu [&hellip;]</p>
